2 + 142*r - 499. Calculate n(66).
161
Let a(o) = 2*o**3 - 9*o**2 + 30*o - 110. What is a(8)?
578
Let r(j) = -142*j + 2722. Determine r(19).
24
Let h(d) = d**2 - 2847*d - 45820. Determine h(-16).
-12
Let w(g) = -28*g - 504. Give w(-18).
0
Let i(c) = -2*c**2 - 1179*c + 5905. Determine i(5).
-40
Let l(x) = -3*x**3 - 6*x**2 + 12*x + 14. Determine l(-6).
374
Let p(g) = -6*g**2 + 91*g - 27. Calculate p(12).
201
Let v(i) = 6*i - 125. Determine v(17).
-23
Let i(y) = -y**2 + 671*y - 12371. Give i(19).
17
Let x(t) = 22*t + 3193. What is x(-143)?
47
Let g(p) = p**3 - 41*p**2 - 12*p + 173. What is g(41)?
-319
Let k(h) = -15*h - 438. Calculate k(-29).
-3
Let y(s) = -1003*s - 1003. Give y(-1).
0
Let k(l) = -l**3 - 6*l**2 + 6*l + 29. What is k(-10)?
369
Let u(s) = 40*s - 156. What is u(-5)?
-356
Let z(o) = 667*o + 12652. What is z(-19)?
-21
Let a(c) = -94*c + 9. Determine a(0).
9
Let d(y) = -6060*y - 6061. What is d(-1)?
-1
Let f(j) = j**2 - 54*j - 230. Give f(58).
2
Let d(w) = -3*w**3 + 5*w**2 + 27*w - 71. Determine d(4).
-75
Let c(q) = 2*q**3 + 18*q**2 + 91*q + 9. Determine c(-5).
-246
Let c(z) = z**3 - 18*z**2 - 55*z + 728. Give c(19).
44
Let w(z) = -z**3 - 38*z**2 - 167*z - 22. Determine w(-33).
44
Let t(o) = -150*o + 462. Calculate t(3).
12
Let h(c) = -c**3 + 4*c**2 - 546*c + 1093. Calculate h(2).
9
Let v(j) = -j**2 - 6*j + 171. Give v(-20).
-109
Let o(s) = s**3 + 29*s**2 - 43*s - 23. What is o(-30)?
367
Let p(j) = -j**2 + 65*j + 826. What is p(-11)?
-10
Let a(s) = 3*s**2 - 3*s + 69. Determine a(6).
159
Let w(t) = 48*t**2 + 200*t - 393. Calculate w(2).
199
Let r(s) = 47*s - 524. Determine r(11).
-7
Let w(p) = 198*p + 9. Determine w(-1).
-189
Let t(h) = 8636*h - 120902. What is t(14)?
2
Let o(l) = -2*l**3 + 11*l**2 - 15*l - 11. Calculate o(5).
-61
Let b(c) = -c**3 - c**2 + c + 7. Determine b(-2).
9
Let q(b) = -131*b + 219. Determine q(2).
-43
Let f(k) = -137*k - 1218. Determine f(-12).
426
Let y(m) = -m**3 - 22*m**2 + 99*m + 2190. What is y(-22)?
12
Let q(r) = -r**2 + 69*r + 512. Calculate q(71).
370
Let k(j) = -81*j + 478. Determine k(5).
73
Let m(v) = 98*v - 53. Calculate m(3).
241
Let x(i) = -42*i + 1197. What is x(28)?
21
Let c(y) = 2*y**3 - 10*y**2 + 6*y - 84. Calculate c(6).
24
Let r(v) = v**2 + 90*v + 281. Calculate r(-87).
20
Let k(t) = 15*t**2 - 1619*t - 215. Calculate k(108).
-107
Let n(a) = a**3 - 25*a**2 + 24*a - 19. Give n(24).
-19
Let z(u) = -55*u - 93. What is z(-4)?
127
Let l(p) = 73*p + 771. Determine l(-10).
41
Let o(a) = -9*a**3 + 2*a**2 + 2*a - 2. Calculate o(2).
-62
Let d(c) = c**3 - 37*c**2 + 33*c - 37. Calculate d(36).
-145
Let x(m) = 58*m + 778. Calculate x(-14).
-34
Let p(s) = s**3 - 25*s**2 + 31*s - 165. Calculate p(24).
3
Let z(f) = -819*f + 10616. Determine z(13).
-31
Let d(f) = f**3 + 38*f**2 - 323*f - 321. Calculate d(-45).
39
Let g(a) = -9*a + 165. What is g(-30)?
435
Let m(x) = -359*x - 2392. What is m(-7)?
121
Let m(v) = -158*v + 14774. What is m(93)?
80
Let o(m) = -68*m + 4. Determine o(0).
4
Let i(p) = 158*p + 291. Determine i(-2).
-25
Let n(b) = -13*b**3 + 63*b**2 + 5*b + 18. Give n(5).
-7
Let f(s) = 49*s + 153. Give f(-3).
6
Let i(o) = 2*o**3 - 10*o**2 - 19*o + 64. Calculate i(6).
22
Let v(c) = c**3 + 54*c**2 - 6*c - 2991. Give v(-53).
136
Let i(p) = p**3 + 197*p**2 - 1854*p + 4. Calculate i(9).
4
Let w(s) = -1522*s - 28919. Give w(-19).
-1
Let h(f) = -f**3 - f**2 + 32*f + 7. What is h(-6)?
-5
Let l(c) = 36*c**2 - 26*c - 89. Determine l(-3).
313
Let q(k) = -22*k + 7. Give q(0).
7
Let x(f) = -5*f**3 - 45*f**2 - 27*f - 237. What is x(-9)?
6
Let u(t) = t**3 + 41*t**2 + 41*t - 27. Calculate u(-40).
-67
Let c(t) = 2*t**3 - 9*t**2 - 13*t + 31. What is c(8)?
375
Let c(b) = -b**3 + 49*b**2 + 48*b + 88. Determine c(50).
-12
Let t(y) = y**3 + 25*y**2 + 141*y - 22. Calculate t(-9).
5
Let g(v) = -2*v**3 - 102*v**2 + 328*v - 4. Determine g(3).
8
Let o(v) = 5*v**2 - 221*v + 37. What is o(44)?
-7
Let w(j) = -7*j + 142. Calculate w(22).
-12
Let n(s) = -160*s - 2638. Determine n(-17).
82
Let w(m) = m**3 - 7*m**2 + 14*m - 28. Determine w(4).
-20
Let t(r) = -r**3 - 30*r**2 + 1071*r - 2. Calculate t(21).
-2
Let y(v) = -3*v**3 + 55*v**2 + 19*v - 197. Determine y(19).
-558
Let k(p) = -36*p + 679. Determine k(18).
31
Let k(o) = o**2 - 266*o + 11279. Calculate k(53).
-10
Let y(x) = -x**2 - 177*x - 4763. Determine y(-33).
-11
Let k(x) = x**3 - 52*x**2 - 108*x + 19. Determine k(54).
19
Let i(q) = 45*q**2 - 1397*q + 61. Give i(31).
-1
Let f(p) = -13*p**2 + 407*p - 8. Give f(31).
116
Let x(c) = -27*c - 2894. Give x(-107).
-5
Let a(o) = -111*o + 1272. Give a(11).
51
Let u(w) = -32*w - 112. Give u(-9).
176
Let m(h) = -2908*h - 2. Calculate m(0).
-2
Let m(r) = -890*r + 1779. Calculate m(2).
-1
Let z(d) = d**2 - 29*d + 33. Give z(28).
5
Let f(j) = -3*j**2 + 17*j - 86. Determine f(13).
-372
Let u(j) = -183*j - 332. What is u(-2)?
34
Let q(b) = -63*b**2 - 3657*b - 174. Calculate q(-58).
0
Let o(l) = 6*l - 1. Give o(-5).
-31
Let n(h) = -40*h + 1628. Give n(40).
28
Let g(l) = 64*l - 5891. What is g(92)?
-3
Let q(k) = 3*k**3 - k**2 - 287*k + 569. Determine q(2).
15
Let p(t) = -t**2 + 39*t - 305. Calculate p(39).
-305
Let z(h) = -h**3 + 48*h + 9. Give z(7).
2
Let f(i) = -6*i**2 - 33*i - 27. What is f(-6)?
-45
Let y(c) = c - 13. Determine y(22).
9
Let t(b) = -b - 141. What is t(-12)?
-129
Let k(g) = 2*g**2 - 585. Determine k(-18).
63
Let b(o) = 2*o**2 - 65*o - 387. Calculate b(-5).
-12
Let i(d) = -8*d**2 - 233*d + 223. Give i(-30).
13
Let v(q) = -134*q - 124. Determine v(-4).
412
Let k(j) = 17*j + 140. Calculate k(-11).
-47
Let f(p) = 3*p**2 + 411*p + 1592. Calculate f(-133).
-4
Let d(x) = -144*x - 26218. What is d(-182)?
-10
Let q(w) = -w**3 - w**2 + 8*w - 91. Determine q(-6).
41
Let q(r) = -174*r - 2598. Calculate q(-15).
12
Let d(m) = m**3 - 8*m**2 + 25*m - 339. Calculate d(9).
-33
Let x(k) = k**3 - 5*k**2 + 3*k + 244. Calculate x(-5).
-21
Let t(h) = 2*h**2 + 31*h - 453. Determine t(13).
288
Let p(v) = -22*v**2 + 7*v - 1. What is p(2)?
-75
Let k(d) = -25*d**2 + 110*d + 5. What is k(4)?
45
Let r(c) = 2485*c + 19877. Determine r(-8).
-3
Let i(f) = 93*f + 2232. What is i(-24)?
0
Let n(l) = l**2 + 106*l + 2704. What is n(-45)?
-41
Let a(w) = 212*w + 3388. What is a(-16)?
-4
Let a(z) = -2*z**2 + 6*z - 9. What is a(3)?
-9
Let s(t) = t**3 + 10*t**2 + 31*t + 52. Calculate s(-4).
24
Let w(o) = 16*o + 1070. What is w(-73)?
-98
Let d(r) = -17*r**2 + 59*r - 7. What is d(5)?
-137
Let n(t) = 6*t**3 + 103*t**2 + 23*t + 91. Give n(-17).
-11
Let h(f) = 2*f**2 - 96*f + 1142. Calculate h(26).
-2
Let d(p) = 17*p - 715. What is d(37)?
-86
Let q(y) = -3*y**2 + 339*y - 5346. Determine q(94).
12
Let i(p) = p**2 - 4*p - 29236. What is i(-169)?
1
Let i(n) = -167*n - 59789. Give i(-358).
-3
Let q(l) = -2*l**2 + 131*l - 1954. What is q(24)?
38
Let s(d) = 250*d - 9. Give s(2).
491
Let d(w) = w**2 + 513*w + 7934. Give d(-16).
-18
Let r(b) = -540*b**3 + 6*b**2 - 6*b - 2. What is r(1)?
-542
Let c(n) = 2672*n - 40145. Determine c(15).
-65
Let s(n) = 34*n - 16. What is s(-8)?
-288
Let z(i) = 3*i**2 + 43*i + 7. What is z(-14)?
-7
Let d(y) = -y**3 + 104*y**2 - 303*y - 69. Give d(101).
-69
Let b(u) = -3*u**2 + 88*u + 11517. Give b(-49).
2
Let l(a) = -5*a**2 - 809*a - 1613. What is l(-2)?
-15
Let v(j) = -4*j - 41. Give v(-13).
11
Let p(b) = -811*b**2 + 72*b + 74. Determine p(-1).
-809
Let a(r) = r**3 - 38*r**2 - 6*r - 71. Determine a(38).
-299
Let u(v) = 37*v**2 - 1885*v - 101. Determine u(51).
1
Let d(x) = -x**3 - 12*x**2 - 18*x - 23. Calculate d(-11).
54
Let s(p) = 7*p**2 + 14*p + 30. What is s(-2)?
30
Let g(f) = f**2 + 11*f + 229. Calculate g(0).
229
Let v(r) = -15*r + 40. Determine v(-22).
370
Let h(s) = 2*s**3 + 20*s**2 - 14*s + 19. Give h(-11).
-69
Let j(z) = -2*z**2 - 31*z + 36. Calculate j(-15).
51
Let v(k) = -190*k + 33. What is v(2)?
-347
Let q(t) = -t**3 + 126*t**2 + 658*t - 387. Give q(131).
6
Let r(a) = -a**3 - 8*a**2 + 18*a + 2. What is r(-10)?
22
Let r(q) = 10*q**3 + 22*q**2 + 44*q + 12. Calculate r(-2).
-68
Let s(f) = f**3 + 68*f**2 + 314*f - 61. Determine s(-63).
2
Let g(p) = 314*p + 685. Calculate g(-2).
57
Let l(v) = -v**2 + 37*v + 2551. What is l(72)?
31
Let p(s) = 31*s + 119. What is p(-2)?
57
Let p(j) = j**3 + 28*j**2 - 7*j + 622. Calculate p(-29).
-16
Let o(s) = 